{"id":70,"date":"2011-02-08T17:16:23","date_gmt":"2011-02-08T17:16:23","guid":{"rendered":"http:\/\/www.stefanie-siebers.de\/?page_id=70"},"modified":"2011-02-10T14:40:17","modified_gmt":"2011-02-10T14:40:17","slug":"kontakt","status":"publish","type":"page","link":"http:\/\/www.stefanie-siebers.de\/?page_id=70","title":{"rendered":"Kontakt"},"content":{"rendered":"<p>Kontakt:<\/p>\n<p><strong>ZAV K\u00fcnstlervermittlung<\/strong><br \/>\nInnere Kanalstra\u00dfe 68, 50823 K\u00f6ln<\/p>\n<p>Kerstin Erle, Telefon: 0221-55403302<br \/>\nzav-koeln-kuenstlervermittlung@arbeitsagentur.de<\/p>\n<p><strong>oder direkt:<\/strong><\/p>\n<p>info@stefanie-siebers.de<br \/>\n0172-7798598<\/p>\n","protected":false},"excerpt":{"rendered":"<p>Kontakt: ZAV K\u00fcnstlervermittlung Innere Kanalstra\u00dfe 68, 50823 K\u00f6ln Kerstin Erle, Telefon: 0221-55403302 zav-koeln-kuenstlervermittlung@arbeitsagentur.de oder direkt: info@stefanie-siebers.de 0172-7798598<\/p>\n","protected":false},"author":1,"featured_media":0,"parent":0,"menu_order":5,"comment_status":"closed","ping_status":"open","template":"","meta":{"ngg_post_thumbnail":0,"footnotes":""},"_links":{"self":[{"href":"http:\/\/www.stefanie-siebers.de\/index.php?rest_route=\/wp\/v2\/pages\/70"}],"collection":[{"href":"http:\/\/www.stefanie-siebers.de\/index.php?rest_route=\/wp\/v2\/pages"}],"about":[{"href":"http:\/\/www.stefanie-siebers.de\/index.php?rest_route=\/wp\/v2\/types\/page"}],"author":[{"embeddable":true,"href":"http:\/\/www.stefanie-siebers.de\/index.php?rest_route=\/wp\/v2\/users\/1"}],"replies":[{"embeddable":true,"href":"http:\/\/www.stefanie-siebers.de\/index.php?rest_route=%2Fwp%2Fv2%2Fcomments&post=70"}],"version-history":[{"count":7,"href":"http:\/\/www.stefanie-siebers.de\/index.php?rest_route=\/wp\/v2\/pages\/70\/revisions"}],"predecessor-version":[{"id":85,"href":"http:\/\/www.stefanie-siebers.de\/index.php?rest_route=\/wp\/v2\/pages\/70\/revisions\/85"}],"wp:attachment":[{"href":"http:\/\/www.stefanie-siebers.de\/index.php?rest_route=%2Fwp%2Fv2%2Fmedia&parent=70"}],"curies":[{"name":"wp","href":"https:\/\/api.w.org\/{rel}","templated":true}]}}